{"id":1260,"date":"2026-04-02T09:55:00","date_gmt":"2026-04-02T08:55:00","guid":{"rendered":"https:\/\/excelop.net\/exo\/?page_id=1260"},"modified":"2026-03-29T08:19:37","modified_gmt":"2026-03-29T07:19:37","slug":"lssyb2426","status":"publish","type":"page","link":"https:\/\/excelop.net\/exo\/lssyb2426\/","title":{"rendered":"LSSYB2426"},"content":{"rendered":"        <div class=\"wpProQuiz_content\" id=\"wpProQuiz_3\">\n            <h2>Examen Yellow Belt Six Sigma<\/h2>        <div style=\"display: none;\" class=\"wpProQuiz_time_limit\">\n            <div class=\"time\">Limite de temps: <span>0<\/span><\/div>\n            <div class=\"wpProQuiz_progress\"><\/div>\n        <\/div>\n                <div class=\"wpProQuiz_checkPage\" style=\"display: none;\">\n            <h4 class=\"wpProQuiz_header\">R\u00e9sum\u00e9-Quiz<\/h4>\n\n            <p>\n                <span>0<\/span> questions correctes  sur 40             <\/p>\n\n            <p>Questions:<\/p>\n\n            <div style=\"margin-bottom: 20px;\" class=\"wpProQuiz_box\">\n                <ol>\n                                            <li>1<\/li>\n                                            <li>2<\/li>\n                                            <li>3<\/li>\n                                            <li>4<\/li>\n                                            <li>5<\/li>\n                                            <li>6<\/li>\n                                            <li>7<\/li>\n                                            <li>8<\/li>\n                                            <li>9<\/li>\n                                            <li>10<\/li>\n                                            <li>11<\/li>\n                                            <li>12<\/li>\n                                            <li>13<\/li>\n                                            <li>14<\/li>\n                                            <li>15<\/li>\n                                            <li>16<\/li>\n                                            <li>17<\/li>\n                                            <li>18<\/li>\n                                            <li>19<\/li>\n                                            <li>20<\/li>\n                                            <li>21<\/li>\n                                            <li>22<\/li>\n                                            <li>23<\/li>\n                                            <li>24<\/li>\n                                            <li>25<\/li>\n                                            <li>26<\/li>\n                                            <li>27<\/li>\n                                            <li>28<\/li>\n                                            <li>29<\/li>\n                                            <li>30<\/li>\n                                            <li>31<\/li>\n                                            <li>32<\/li>\n                                            <li>33<\/li>\n                                            <li>34<\/li>\n                                            <li>35<\/li>\n                                            <li>36<\/li>\n                                            <li>37<\/li>\n                                            <li>38<\/li>\n                                            <li>39<\/li>\n                                            <li>40<\/li>\n                                    <\/ol>\n                <div style=\"clear: both;\"><\/div>\n            <\/div>\n\n            \n            <input type=\"button\" name=\"endQuizSummary\" value=\"Terminer le quiz\"\n                   class=\"wpProQuiz_button\">\n        <\/div>\n                <div class=\"wpProQuiz_infopage\" style=\"display: none;\">\n            <h4>Information<\/h4>\n\n            \n            <input type=\"button\" name=\"endInfopage\" value=\"Terminer le quiz\"\n                   class=\"wpProQuiz_button\">\n        <\/div>\n                <div class=\"wpProQuiz_text\">\n            <p>\n                <p><a href=\"http:\/\/excelop.net\/exo\/wp-content\/uploads\/2019\/01\/KA.png\"><img loading=\"lazy\" decoding=\"async\" class=\"alignnone size-full wp-image-174\" src=\"http:\/\/excelop.net\/exo\/wp-content\/uploads\/2019\/01\/KA.png\" alt=\"\" width=\"125\" height=\"40\" \/><\/a><br \/>\nBienvenue \u00e0 l&#8217;examen Six Sigma Kaizen academy<br \/>\naccr\u00e9dit\u00e9 par Sigma Council<\/p>\n<p><a href=\"http:\/\/excelop.net\/exo\/wp-content\/uploads\/2019\/01\/SSC.jpg\"><img loading=\"lazy\" decoding=\"async\" class=\"alignnone size-full wp-image-173\" src=\"http:\/\/excelop.net\/exo\/wp-content\/uploads\/2019\/01\/SSC.jpg\" alt=\"\" width=\"200\" height=\"200\" srcset=\"https:\/\/excelop.net\/exo\/wp-content\/uploads\/2019\/01\/SSC.jpg 200w, https:\/\/excelop.net\/exo\/wp-content\/uploads\/2019\/01\/SSC-150x150.jpg 150w\" sizes=\"auto, (max-width: 200px) 100vw, 200px\" \/><\/a><br \/>\nExamen Six Sigma Yellow Belt Six Sigma<br \/>\nNombre de question 40<\/p>\n<p>Score de passage 29<br \/>\nScore \u00e9liminatoire : 20<\/p>\n<p>Dur\u00e9e de l&#8217;examen 1h30 min<\/p>\n            <\/p>\n\n            \n            <div>\n                <input class=\"wpProQuiz_button\" type=\"button\" value=\"D\u00e9marrez le quiz\"\n                       name=\"startQuiz\">\n            <\/div>\n        <\/div>\n                <div style=\"display: none;\" class=\"wpProQuiz_lock\">\n            <p>\n                Vous avez d\u00e9j\u00e0 rempli le questionnaire avant. Par cons\u00e9quent, vous ne pouvez pas recommencer.            <\/p>\n        <\/div>\n                <div style=\"display: none;\" class=\"wpProQuiz_loadQuiz\">\n            <p>\n                Quiz is loading...            <\/p>\n        <\/div>\n                <div style=\"display: none;\" class=\"wpProQuiz_startOnlyRegisteredUser\">\n            <p>\n                You must sign in or sign up to start the quiz.            <\/p>\n        <\/div>\n                <div style=\"display: none;\" class=\"wpProQuiz_prerequisite\">\n            <p>\n                Vous devez finir le quiz suivant, avant de commencer celui-ci :                <span><\/span>\n            <\/p>\n        <\/div>\n                <div style=\"display: none;\" class=\"wpProQuiz_results\">\n            <h4 class=\"wpProQuiz_header\">R\u00e9sultats<\/h4>\n                            <p>\n                    <span class=\"wpProQuiz_correct_answer\">0<\/span> questions  sur <span>40<\/span> r\u00e9pondues correctement                <\/p>\n                            <p class=\"wpProQuiz_quiz_time\">\n                    Votre temps: <span><\/span>                <\/p>\n                        <p class=\"wpProQuiz_time_limit_expired\" style=\"display: none;\">\n                Temps \u00e9coul\u00e9            <\/p>\n                            <p class=\"wpProQuiz_points\">\n                    Vous avez atteint <span>0<\/span> points sur <span>0<\/span> , (<span>0<\/span>)                <\/p>\n                                        <div class=\"wpProQuiz_resultTable\">\n                    <table>\n                        <tbody>\n                        <tr>\n                            <td class=\"wpProQuiz_resultName\">Score moyen<\/td>\n                            <td class=\"wpProQuiz_resultValue\">\n                                <div style=\"background-color: #6CA54C;\">&nbsp;<\/div>\n                                <span>&nbsp;<\/span>\n                            <\/td>\n                        <\/tr>\n                        <tr>\n                            <td class=\"wpProQuiz_resultName\">Votre score<\/td>\n                            <td class=\"wpProQuiz_resultValue\">\n                                <div style=\"background-color: #F79646;\">&nbsp;<\/div>\n                                <span>&nbsp;<\/span>\n                            <\/td>\n                        <\/tr>\n                        <\/tbody>\n                    <\/table>\n                <\/div>\n                        <div class=\"wpProQuiz_catOverview\" >\n                <h4>Categories<\/h4>\n\n                <div style=\"margin-top: 10px;\">\n                    <ol>\n                                                    <li data-category_id=\"0\">\n                                <span class=\"wpProQuiz_catName\">Not categorized<\/span>\n                                <span class=\"wpProQuiz_catPercent\">0%<\/span>\n                            <\/li>\n                                                    <li data-category_id=\"4\">\n                                <span class=\"wpProQuiz_catName\">ameliorer<\/span>\n                                <span class=\"wpProQuiz_catPercent\">0%<\/span>\n                            <\/li>\n                                                    <li data-category_id=\"11\">\n                                <span class=\"wpProQuiz_catName\">analyse de capabilit\u00e9<\/span>\n                                <span class=\"wpProQuiz_catPercent\">0%<\/span>\n                            <\/li>\n                                                    <li data-category_id=\"23\">\n                                <span class=\"wpProQuiz_catName\">analyse de donn\u00e9es<\/span>\n                                <span class=\"wpProQuiz_catPercent\">0%<\/span>\n                            <\/li>\n                                                    <li data-category_id=\"3\">\n                                <span class=\"wpProQuiz_catName\">analyser<\/span>\n                                <span class=\"wpProQuiz_catPercent\">0%<\/span>\n                            <\/li>\n                                                    <li data-category_id=\"5\">\n                                <span class=\"wpProQuiz_catName\">controler<\/span>\n                                <span class=\"wpProQuiz_catPercent\">0%<\/span>\n                            <\/li>\n                                                    <li data-category_id=\"6\">\n                                <span class=\"wpProQuiz_catName\">Definir<\/span>\n                                <span class=\"wpProQuiz_catPercent\">0%<\/span>\n                            <\/li>\n                                                    <li data-category_id=\"15\">\n                                <span class=\"wpProQuiz_catName\">DFSS<\/span>\n                                <span class=\"wpProQuiz_catPercent\">0%<\/span>\n                            <\/li>\n                                                    <li data-category_id=\"16\">\n                                <span class=\"wpProQuiz_catName\">Etude de cas 1<\/span>\n                                <span class=\"wpProQuiz_catPercent\">0%<\/span>\n                            <\/li>\n                                                    <li data-category_id=\"17\">\n                                <span class=\"wpProQuiz_catName\">Etude de cas II<\/span>\n                                <span class=\"wpProQuiz_catPercent\">0%<\/span>\n                            <\/li>\n                                                    <li data-category_id=\"18\">\n                                <span class=\"wpProQuiz_catName\">etude de cas IV<\/span>\n                                <span class=\"wpProQuiz_catPercent\">0%<\/span>\n                            <\/li>\n                                                    <li data-category_id=\"2\">\n                                <span class=\"wpProQuiz_catName\">General<\/span>\n                                <span class=\"wpProQuiz_catPercent\">0%<\/span>\n                            <\/li>\n                                                    <li data-category_id=\"12\">\n                                <span class=\"wpProQuiz_catName\">Lean<\/span>\n                                <span class=\"wpProQuiz_catPercent\">0%<\/span>\n                            <\/li>\n                                                    <li data-category_id=\"1\">\n                                <span class=\"wpProQuiz_catName\">mesurer<\/span>\n                                <span class=\"wpProQuiz_catPercent\">0%<\/span>\n                            <\/li>\n                                                    <li data-category_id=\"24\">\n                                <span class=\"wpProQuiz_catName\">Outills m\u00e9thodes et techniques<\/span>\n                                <span class=\"wpProQuiz_catPercent\">0%<\/span>\n                            <\/li>\n                                                    <li data-category_id=\"13\">\n                                <span class=\"wpProQuiz_catName\">standardiser<\/span>\n                                <span class=\"wpProQuiz_catPercent\">0%<\/span>\n                            <\/li>\n                                                    <li data-category_id=\"10\">\n                                <span class=\"wpProQuiz_catName\">Synthese<\/span>\n                                <span class=\"wpProQuiz_catPercent\">0%<\/span>\n                            <\/li>\n                                                    <li data-category_id=\"7\">\n                                <span class=\"wpProQuiz_catName\">VSM<\/span>\n                                <span class=\"wpProQuiz_catPercent\">0%<\/span>\n                            <\/li>\n                                            <\/ol>\n                <\/div>\n            <\/div>\n            <div>\n                <ul class=\"wpProQuiz_resultsList\">\n                                            <li style=\"display: none;\">\n                            <div>\n                                <p>Merci d&#8217;avoir fait confiance \u00e0 Kaizen Academy Votre partenaire de formation<\/p>\n                            <\/div>\n                        <\/li>\n                                    <\/ul>\n            <\/div>\n                    <div class=\"wpProQuiz_addToplist\" style=\"display: none;\">\n            <span style=\"font-weight: bold;\">Your result has been entered into leaderboard<\/span>\n\n            <div style=\"margin-top: 6px;\">\n                <div class=\"wpProQuiz_addToplistMessage\" style=\"display: none;\">Chargement<\/div>\n                <div class=\"wpProQuiz_addBox\">\n                    <div>\n\t\t\t\t\t\t<span>\n\t\t\t\t\t\t\t<label>\n                                Nom: <input type=\"text\" placeholder=\"Nom\" name=\"wpProQuiz_toplistName\" maxlength=\"15\" size=\"16\"\n                                                                            style=\"width: 150px;\">\n                            <\/label>\n\t\t\t\t\t\t\t<label>\n                                E-Mail: <input type=\"email\"\n                                                                              placeholder=\"E-Mail\"\n                                                                              name=\"wpProQuiz_toplistEmail\" size=\"20\"\n                                                                              style=\"width: 150px;\">\n                            <\/label>\n\t\t\t\t\t\t<\/span>\n\n                        <div style=\"margin-top: 5px;\">\n                            <label>\n                                Captcha: <input type=\"text\" name=\"wpProQuiz_captcha\"\n                                                                               size=\"8\" style=\"width: 50px;\">\n                            <\/label>\n                            <input type=\"hidden\" name=\"wpProQuiz_captchaPrefix\" value=\"0\">\n                            <img decoding=\"async\" alt=\"captcha\" src=\"\" class=\"wpProQuiz_captchaImg\" style=\"vertical-align: middle;\">\n                        <\/div>\n                    <\/div>\n                    <input class=\"wpProQuiz_button2\" type=\"submit\" value=\"Envoyer\"\n                           name=\"wpProQuiz_toplistAdd\">\n                <\/div>\n            <\/div>\n        <\/div>\n                    <div style=\"margin: 10px 0px;\">\n                                    <input class=\"wpProQuiz_button\" type=\"button\" name=\"reShowQuestion\"\n                           value=\"Voir les questions\">\n                                            <\/div>\n        <\/div>\n                <div class=\"wpProQuiz_reviewDiv\" style=\"display: none;\">\n            <div class=\"wpProQuiz_reviewQuestion\">\n                <ol>\n                                            <li>1<\/li>\n                                            <li>2<\/li>\n                                            <li>3<\/li>\n                                            <li>4<\/li>\n                                            <li>5<\/li>\n                                            <li>6<\/li>\n                                            <li>7<\/li>\n                                            <li>8<\/li>\n                                            <li>9<\/li>\n                                            <li>10<\/li>\n                                            <li>11<\/li>\n                                            <li>12<\/li>\n                                            <li>13<\/li>\n                                            <li>14<\/li>\n                                            <li>15<\/li>\n                                            <li>16<\/li>\n                                            <li>17<\/li>\n                                            <li>18<\/li>\n                                            <li>19<\/li>\n                                            <li>20<\/li>\n                                            <li>21<\/li>\n                                            <li>22<\/li>\n                                            <li>23<\/li>\n                                            <li>24<\/li>\n                                            <li>25<\/li>\n                                            <li>26<\/li>\n                                            <li>27<\/li>\n                                            <li>28<\/li>\n                                            <li>29<\/li>\n                                            <li>30<\/li>\n                                            <li>31<\/li>\n                                            <li>32<\/li>\n                                            <li>33<\/li>\n                                            <li>34<\/li>\n                                            <li>35<\/li>\n                                            <li>36<\/li>\n                                            <li>37<\/li>\n                                            <li>38<\/li>\n                                            <li>39<\/li>\n                                            <li>40<\/li>\n                                    <\/ol>\n                <div style=\"display: none;\"><\/div>\n            <\/div>\n            <div class=\"wpProQuiz_reviewLegend\">\n                <ol>\n                    <li>\n                        <span class=\"wpProQuiz_reviewColor\" style=\"background-color: #6CA54C;\"><\/span>\n                        <span class=\"wpProQuiz_reviewText\">R\u00e9pondu<\/span>\n                    <\/li>\n                    <li>\n                        <span class=\"wpProQuiz_reviewColor\" style=\"background-color: #FFB800;\"><\/span>\n                        <span class=\"wpProQuiz_reviewText\">Examiner<\/span>\n                    <\/li>\n                <\/ol>\n                <div style=\"clear: both;\"><\/div>\n            <\/div>\n            <div>\n                                    <input type=\"button\" name=\"review\" value=\"Examiner la question\"\n                           class=\"wpProQuiz_button2\" style=\"float: left; display: block;\">\n                                            <input type=\"button\" name=\"quizSummary\"\n                               value=\"R\u00e9sum\u00e9-Quiz\" class=\"wpProQuiz_button2\"\n                               style=\"float: right;\">\n                                        <div style=\"clear: both;\"><\/div>\n                            <\/div>\n        <\/div>\n                <div class=\"wpProQuiz_quizAnker\" style=\"display: none;\"><\/div>\n                <\/div>\n                <script type=\"text\/javascript\">\n            jQuery(document).ready(function ($) {\n                $('#wpProQuiz_3').wpProQuizFront({\n                    quizId: 3,\n                    mode: 0,\n                    timelimit: 5400,\n                    resultsGrade: [0],\n                    bo: 17032,\n                    qpp: 0,\n                    formPos: 0,\n                    lbn: \"R\\u00e9sum\\u00e9-Quiz\"                });\n            });\n        <\/script>\n        \n","protected":false},"excerpt":{"rendered":"","protected":false},"author":1,"featured_media":0,"parent":0,"menu_order":0,"comment_status":"closed","ping_status":"closed","template":"","meta":{"_crdt_document":"","footnotes":""},"class_list":["post-1260","page","type-page","status-publish","hentry","post"],"_links":{"self":[{"href":"https:\/\/excelop.net\/exo\/wp-json\/wp\/v2\/pages\/1260","targetHints":{"allow":["GET"]}}],"collection":[{"href":"https:\/\/excelop.net\/exo\/wp-json\/wp\/v2\/pages"}],"about":[{"href":"https:\/\/excelop.net\/exo\/wp-json\/wp\/v2\/types\/page"}],"author":[{"embeddable":true,"href":"https:\/\/excelop.net\/exo\/wp-json\/wp\/v2\/users\/1"}],"replies":[{"embeddable":true,"href":"https:\/\/excelop.net\/exo\/wp-json\/wp\/v2\/comments?post=1260"}],"version-history":[{"count":1,"href":"https:\/\/excelop.net\/exo\/wp-json\/wp\/v2\/pages\/1260\/revisions"}],"predecessor-version":[{"id":1263,"href":"https:\/\/excelop.net\/exo\/wp-json\/wp\/v2\/pages\/1260\/revisions\/1263"}],"wp:attachment":[{"href":"https:\/\/excelop.net\/exo\/wp-json\/wp\/v2\/media?parent=1260"}],"curies":[{"name":"wp","href":"https:\/\/api.w.org\/{rel}","templated":true}]}}