{"id":48,"date":"2018-11-29T11:17:57","date_gmt":"2018-11-29T10:17:57","guid":{"rendered":"http:\/\/excelop.net\/exo\/home\/"},"modified":"2022-12-16T18:39:41","modified_gmt":"2022-12-16T17:39:41","slug":"home","status":"publish","type":"page","link":"https:\/\/excelop.net\/exo\/","title":{"rendered":"KAES : Kaizen Academy Examination System"},"content":{"rendered":"\n<p class=\"has-medium-font-size wp-block-paragraph\">Choisissez votre examen sur le <strong>menu<\/strong>. Cliquez sur le <strong>nom de l&#8217;examen<\/strong>, Puis d\u00e9marrer votre examen en cliquant sur <strong>D\u00e9marrer le Quizz <\/strong> <\/p>\n\n\n\n<p class=\"wp-block-paragraph\">Si l&#8217;exmen n\u00e9cessite une connexion : Cliquez sur <a href=\"https:\/\/excelop.net\/exo\/my-account\/\">https:\/\/excelop.net\/exo\/my-account\/<\/a><\/p>\n\n\n\n<p class=\"wp-block-paragraph\">Pour plus d&#8217;informations contactez l&#8217;administation de KAES<\/p>\n\n\n\n<p class=\"wp-block-paragraph\"><\/p>\n\n\n\n<p class=\"wp-block-paragraph\"><\/p>\n\n\n\n<p class=\"wp-block-paragraph\"><strong>KAIZEN ACADEMY VOUS SOUHAITE BONNE CHANCE.<\/strong><\/p>\n\n\n\n<figure class=\"wp-block-image size-full\"><a href=\"https:\/\/excelop.net\/exo\/wp-content\/uploads\/2022\/12\/Kaizen-Logo.png\"><img loading=\"lazy\" decoding=\"async\" width=\"151\" height=\"55\" src=\"https:\/\/excelop.net\/exo\/wp-content\/uploads\/2022\/12\/Kaizen-Logo.png\" alt=\"\" class=\"wp-image-817\"\/><\/a><\/figure>\n","protected":false},"excerpt":{"rendered":"<p>Choisissez votre examen sur le menu. Cliquez sur le nom de l&#8217;examen, Puis d\u00e9marrer votre examen en cliquant sur D\u00e9marrer le Quizz Si l&#8217;exmen n\u00e9cessite une connexion : Cliquez sur https:\/\/excelop.net\/exo\/my-account\/ Pour plus d&#8217;informations contactez l&#8217;administation de KAES KAIZEN ACADEMY VOUS SOUHAITE BONNE CHANCE.<\/p>\n","protected":false},"author":1,"featured_media":0,"parent":0,"menu_order":0,"comment_status":"closed","ping_status":"closed","template":"","meta":{"_crdt_document":"","footnotes":""},"class_list":["post-48","page","type-page","status-publish","hentry","post"],"_links":{"self":[{"href":"https:\/\/excelop.net\/exo\/wp-json\/wp\/v2\/pages\/48","targetHints":{"allow":["GET"]}}],"collection":[{"href":"https:\/\/excelop.net\/exo\/wp-json\/wp\/v2\/pages"}],"about":[{"href":"https:\/\/excelop.net\/exo\/wp-json\/wp\/v2\/types\/page"}],"author":[{"embeddable":true,"href":"https:\/\/excelop.net\/exo\/wp-json\/wp\/v2\/users\/1"}],"replies":[{"embeddable":true,"href":"https:\/\/excelop.net\/exo\/wp-json\/wp\/v2\/comments?post=48"}],"version-history":[{"count":8,"href":"https:\/\/excelop.net\/exo\/wp-json\/wp\/v2\/pages\/48\/revisions"}],"predecessor-version":[{"id":818,"href":"https:\/\/excelop.net\/exo\/wp-json\/wp\/v2\/pages\/48\/revisions\/818"}],"wp:attachment":[{"href":"https:\/\/excelop.net\/exo\/wp-json\/wp\/v2\/media?parent=48"}],"curies":[{"name":"wp","href":"https:\/\/api.w.org\/{rel}","templated":true}]}}